5) to base 11
1213088
What is -2d52a (base 14) in base 12?
-55842
-220222021 (base 3) to base 7
-104035
Convert -11201110200102 (base 3) to base 11.
-1464047
1176b73 (base 13) to base 10
5413164
-2ac0ab (base 13) to base 12
-42a439
2041646 (base 7) to base 9
413768
Convert 2122023 (base 4) to base 16.
268b
What is -c57b9 (base 13) in base 8?
-1265354
What is -12211034 (base 6) in base 16?
-5f4be
-20120002230 (base 4) to base 10
-2195628
Convert 112011202222 (base 3) to base 11.
180717
-20233310121 (base 4) to base 15
-30462c
What is 293b9 (base 12) in base 13?
202a7
-1084dd (base 14) to base 11
-353338
Convert -c7664 (base 15) to base 5.
-130220234
-a937 (base 11) to base 3
-201210210
-96656 (base 10) to base 7
-551540
3531 (base 9) to base 13
1267
Convert -4e03de (base 15) to base 10.
-3747134
-134123 (base 9) to base 5
-10104000
-264559 (base 15) to base 16
-1c0899
What is -200045225 (base 7) in base 11?
-6572a53
-10011122111 (base 3) to base 16
-f3e5
Convert -44540210 (base 6) to base 5.
-321204020
What is 11425246 (base 7) in base 4?
3313310131
What is -1010110000100011010 (base 2) in base 7?
-2665544
Convert -4610221 (base 7) to base 14.
-10d248
What is -214035220 (base 6) in base 15?
-50a0e9
Convert -1082124 (base 9) to base 6.
-20314334
-8cc3f (base 16) to base 3
-1002021220122
What is -4bcc5 (base 14) in base 9?
-313581
-138413 (base 12) to base 7
-2523564
Convert -20010212221 (base 3) to base 6.
-2331511
-12001021211 (base 3) to base 2
-11000010000011011
Convert -35a0a1 (base 11) to base 6.
-20113511
What is 222031323 (base 4) in base 11?
108a13
Convert 1001001011000110111 (base 2) to base 13.
a6a90
-34550515 (base 6) to base 7
-12053213
5856 (base 13) to base 15
3a23
-1361313 (base 10) to base 9
-2504330
What is 20321123 (base 5) in base 9?
274117
-b072d (base 14) to base 3
-210112121022
What is 563ba (base 13) in base 7?
1221461
Convert 1422115344 (base 6) to base 10.
17459632
Convert -400400 (base 5) to base 9.
-18250
What is -10100010000101100111 (base 2) in base 13?
-1a3261
What is -9335522 (base 10) in base 11?
-52a6a09
What is 115230205 (base 6) in base 13?
5c5ca9
10225500 (base 7) to base 8
3227257
What is 4c6432 (base 16) in base 7?
60360610
What is 323011022 (base 4) in base 6?
5104202
-1002010200111 (base 3) to base 2
-10001100000000110101
1003020131 (base 4) to base 15
56718
Convert -12053234 (base 6) to base 12.
-16421a
1314455 (base 8) to base 5
43220033
3341122 (base 5) to base 14
17680
-14503354 (base 7) to base 9
-2532144
Convert 10201323222 (base 4) to base 11.
741262
What is 107564 (base 8) in base 10?
36724
What is -2936a0 (base 14) in base 6?
-50400420
Convert 92307 (base 11) to base 8.
407221
Convert -1078bb (base 13) to base 2.
-1011110110001010010
What is -1101011011110010101010 (base 2) in base 12?
-121a036
Convert 136297 (base 14) to base 9.
1231132
-1172734 (base 10) to base 3
-2012120200121
What is 43133151 (base 6) in base 2?
100110110100100011011
12402d1 (base 14) to base 12
2b2513b
What is -357165 (base 9) in base 5?
-23341240
What is -198f9a (base 16) in base 14?
-3186a6
-12422104 (base 5) to base 13
-44228
-3b5012 (base 13) to base 16
-15f54a
-12122112221120 (base 3) to base 11
-1770a89
Convert 937aa8 (base 12) to base 15.
30b075
What is -131313132103 (base 4) in base 15?
-a49c4a
-120717 (base 8) to base 7
-231524
34ab7 (base 13) to base 6
2021515
Convert -1213131 (base 4) to base 15.
-1e66
Convert -159447 (base 15) to base 6.
-34212334
What is badcae (base 15) in base 16?
87e582
-314076 (base 8) to base 10
-104510
1b6477 (base 16) to base 7
21154536
What is 1010010201 (base 4) in base 13?
99ba6
What is -3b0774 (base 12) in base 3?
-1211120101121
-12428 (base 14) to base 7
-244251
What is -50606 (base 8) in base 6?
-240342
What is -2ca920 (base 14) in base 2?
-101111110010010110000
What is 505401010 (base 6) in base 12?
2a99166
Convert 31d65d (base 14) to base 3.
10011210121212
a93aa (base 16) to base 3
1022012211200
-13656 (base 9) to base 13
-42c3
What is -175173 (base 10) in base 3?
-22220021220
-182e32 (base 15) to base 4
-10132230302
-7953 (base 14) to base 16
-5235
What is 54a69 (base 11) in base 8?
233706
Convert 474548 (base 11) to base 13.
20478b
Convert -10415556 (base 7) to base 9.
-1613846
What is 3f17e (base 16) in base 6?
5312234
Convert 4488099 (base 10) to base 9.
8400456
Convert adf637 (base 16) to base 14.
172ab1d
-472337 (base 9) to base 4
-1011103102
95996 (base 14) to base 15
7210a
What is 23411610 (base 8) in base 4?
103201032020
What is -32201202 (base 6) in base 16?
-e7ae2
Convert 5224a (base 12) to base 4.
122033122
Convert 3334242 (base 6) to base 11.
105370
What is 41362345 (base 7) in base 14?
66745c
What is a9924 (base 11) in base 15?
323d9
Convert -168a48 (base 12) to base 13.
-107b2b
-1420443 (base 7) to base 5
-22034111
Convert -1272688 (base 13) to base 5.
-2434243332
Convert 216737 (base 8) to base 3.
10201101111
852387 (base 10) to base 9
1538226
Convert 31112034 (base 5) to base 13.
8b80c
What is -1084084 (base 10) in base 4?
-10020222310
1036544 (base 8) to base 4
1003311210
-b04075 (base 13) to base 12
-1454843
What is 29a7ab8 (base 12) in base 3?
120212102012112
What is 4210203433 (base 5) in base 9?
17286738
Convert -263030 (base 7) to base 14.
-13c50
What is 69c334 (base 13) in base 10?
2511721
-12221110020210 (base 3) to base 5
-1302030321
Convert -297148 (base 11) to base 16.
-71201
What is -3e744 (base 16) in base 9?
-428815
What is -15115431 (base 6) in base 15?
-a51c1
Convert -112121000110012 (base 3) to base 5.
-3441133211
What is d7e4c (base 15) in base 8?
2471654
Convert 3d8d93 (base 14) to base 15.
2c3509
What is -100000100011101000111000 (base 2) in base 5?
-4141101314
Convert -100000001001101000000101 (base 2) to base 7.
-131431352
Convert -125123364 (base 7) to base 11.
-458a853
152366 (base 8) to base 14
15c22
a820c (base 15) to base 5
114034322
What is -a574b (base 15) in base 11?
-3292a5
101101000111000111000000 (base 2) to base 3
211020210200012
What is 40ede (base 15) in base 8?
622043
Convert 141263 (base 9) to base 7.
506301
What is 59360a (base 11) in base 16?
e5eb9
114199 (base 10) to base 3
12210122121
72851 (base 16) to base 13
135677
Convert -512441 (base 8) to base 4.
-221110201
Convert 253309 (base 14) to base 6.
43205553
What is 1095c3 (base 15) in base 14?
168402
5241423 (base 6) to base 14
689cb
3036445 (base 7) to base 4
1120133011
b683 (base 13) to base 16
62c8
Convert -aa29e (base 15) to base 8.
-2037667
What is 227217 (base 9) in base 5?
13332001
Convert 1001000011111111101000 (base 2) to base 9.
4420707
Convert 1324434 (base 5) to base 6.
324221
-46946 (base 13) to base 4
-133133231
What is -12d00 (base 15) in base 5?
-3412200
What is 112210434 (base 5) in base 4?
1323301302
-12100210200 (base 3) to base 13
-39081
-1101000111011101000 (base 2) to base 16
-68ee8
-13334453 (base 8) to base 3
-12122020110100
-7241 (base 9) to base 12
-309a
What is -60132455 (base 7) in base 14?
-933b9c
What is 7c361 (base 14) in base 3?
120100222012
Convert 10c8ac (base 16) to base 7.
12230563
-17f4eb (base 16) to base 14
-2cc24b
-25431226 (base 7) to base 16
-23404f
Convert 298049 (base 10) to base 15.
5d49e
Convert 709425 (base 10) to base 11.
445002
-123220000 (base 5) to base 11
-380801
What is a2c4 (base 14) in base 11?
1a049
What is -1233200003 (base 4) in base 14?
-bc61d
330122311 (base 6) to base 9
12065867
Convert 53450 (base 8) to base 13.
a204
What is -107111 (base 9) in base 7?
-355204
1658 (base 16) to base 4
1121120
Convert -20343242 (base 5) to base 11.
-105718
What is -806718 (base 9) in base 8?
-1644246
-162520 (base 7) to base 9
-48101
-2aa23 (base 15) to base 13
-4a643
Convert 21021001212001 (base 3) to base 10.
3859219
125414 (base 9) to base 14
1da77
-42251225 (base 7) to base 6
-204345245
Convert -2821032 (base 9) to base 6.
-53112002
Convert -359827 (base 10) to base 2.
-1010111110110010011
Convert 152a31 (base 15) to base 8.
3713152
37659 (base 11) to base 7
313344
What is 10100001011000001101011 (base 2) in base 10?
5288043
12201201022012 (base 3) to base 10
3045254
What is 11001110111001001001011 (base 2) in base 7?
111424132
Convert 33032023010 (base 4) to base 8.
17161304
-100001011110101101110110 (base 2) to base 5